{"id":7,"date":"2024-08-28T11:04:24","date_gmt":"2024-08-28T11:04:24","guid":{"rendered":"https:\/\/alorawater.com\/?page_id=7"},"modified":"2024-09-02T11:53:51","modified_gmt":"2024-09-02T11:53:51","slug":"home","status":"publish","type":"page","link":"https:\/\/alorawater.com\/","title":{"rendered":"Home"},"content":{"rendered":"\n<div class=\"wp-block-cover alignfull is-light\" style=\"min-height:720px;aspect-ratio:unset;\"><span aria-hidden=\"true\" class=\"wp-block-cover__background has-background-dim-10 has-background-dim wp-block-cover__gradient-background has-background-gradient\" style=\"background-color:#57b748;background:linear-gradient(35deg,rgb(6,0,151) 0%,rgb(130,4,255) 73%,rgb(193,15,255) 100%)\"><\/span><img loading=\"lazy\" decoding=\"async\" width=\"1920\" height=\"700\" class=\"wp-block-cover__image-background wp-image-26\" alt=\"\" src=\"https:\/\/alorawater.com\/wp-content\/uploads\/2024\/08\/bk11.jpg\" data-object-fit=\"cover\" srcset=\"https:\/\/alorawater.com\/wp-content\/uploads\/2024\/08\/bk11.jpg 1920w, https:\/\/alorawater.com\/wp-content\/uploads\/2024\/08\/bk11-300x109.jpg 300w, https:\/\/alorawater.com\/wp-content\/uploads\/2024\/08\/bk11-1024x373.jpg 1024w, https:\/\/alorawater.com\/wp-content\/uploads\/2024\/08\/bk11-768x280.jpg 768w, https:\/\/alorawater.com\/wp-content\/uploads\/2024\/08\/bk11-1536x560.jpg 1536w\" sizes=\"auto, (max-width: 1920px) 100vw, 1920px\" \/><div class=\"wp-block-cover__inner-container is-layout-flow wp-block-cover-is-layout-flow\">\n<div class=\"inherit-container-width wp-block-group alignwide is-layout-constrained wp-block-group-is-layout-constrained\">\n<div class=\"wp-block-columns alignwide are-vertically-aligned-center is-layout-flex wp-container-core-columns-is-layout-28f84493 wp-block-columns-is-layout-flex\">\n<div class=\"wp-block-column is-layout-flow wp-block-column-is-layout-flow\" style=\"flex-basis:63%\">\n<p><\/p>\n\n\n\n<h1 class=\"wp-block-heading has-text-align-center has-white-color has-text-color\">Servicios Integrales en Gesti\u00f3n de Proyectos e Ingenier\u00eda<br><\/h1>\n\n\n\n<h2 class=\"wp-block-heading has-text-align-center\" id=\"fancy-title-6\">CREANDO VALOR A TRAV\u00c9S DE LA INNOVACI\u00d3N<\/h2>\n<\/div>\n\n\n\n<div class=\"wp-block-column is-layout-flow wp-block-column-is-layout-flow\" style=\"flex-basis:37%\"><\/div>\n<\/div>\n<\/div>\n\n\n\n<div class=\"wp-block-uagb-container uagb-block-5a29dcaf alignfull uagb-is-root-container\"><div class=\"uagb-container-inner-blocks-wrap\">\n<div class=\"wp-block-uagb-container uagb-block-078027bd\"><\/div>\n<\/div><\/div>\n<\/div><\/div>\n\n\n\n<div class=\"wp-block-group alignfull has-ast-global-color-5-background-color has-background is-layout-constrained wp-container-core-group-is-layout-94d206d0 wp-block-group-is-layout-constrained\" id=\"about\" style=\"padding-top:143px;padding-bottom:144px\">\n<h2 class=\"wp-block-heading has-text-align-center\">Un solo objetivo: Ofrecer un servicio de calidad<\/h2>\n\n\n\n<div class=\"wp-block-media-text has-media-on-the-right is-stacked-on-mobile is-vertically-aligned-center\" style=\"grid-template-columns:auto 38%\"><div class=\"wp-block-media-text__content\">\n<div class=\"inherit-container-width wp-block-group is-layout-constrained wp-container-core-group-is-layout-47ce07ec wp-block-group-is-layout-constrained\" style=\"padding-right:80px\">\n<p class=\"justificao\">La compa\u00f1\u00eda en una evoluci\u00f3n constante, mantiene el objetivo de crear&nbsp;<strong>valor en cada proceso y de innovar continuamente a trav\u00e9s de la excelencia<\/strong>. Todo ello unido a una&nbsp;<strong>posici\u00f3n de vanguardia en el desarrollo de nuevos productos y m\u00e9todos de producci\u00f3n.<\/strong><\/p>\n\n\n\n<p class=\"justificao\">Dentro de nuestra \u00e1rea de Ingenier\u00eda Ambiental, somos&nbsp;<strong>especialistas en la gesti\u00f3n de residuos<\/strong>&nbsp;(reducci\u00f3n, recuperaci\u00f3n y reciclaje), tratamiento de efluentes industriales, tratamiento de aguas residuales, control de olores, biorremediaci\u00f3n y limpieza del medioambiente.<\/p>\n\n\n\n<p class=\"justificao\">Para AloraWater, el&nbsp;<strong>cumplimiento de plazos, costes, normativa y est\u00e1ndares de dise\u00f1o, as\u00ed como el rendimiento del proceso<\/strong>, supone un reto diario en nuestro compromiso con los clientes. Igualmente, la calidad de los trabajos y la responsabilidad son un hecho diferencial, junto al uso de las m\u00e1s avanzadas herramientas de dise\u00f1o, c\u00e1lculo y simulaci\u00f3n disponibles.<\/p>\n\n\n\n<p class=\"justificao\">Nuestros proyectos se ejecutan bajo un eje com\u00fan, nuestra&nbsp;<strong>estructura<\/strong><br><strong>organizacional matricial<\/strong>, de manera que los recursos humanos son utilizados de forma temporal para su integraci\u00f3n en&nbsp;<strong>equipos multidisciplinares guiados por la Direcci\u00f3n de Proyectos<\/strong>. Sea cual fuere la envergadura y complejidad del proyecto, este sistema nos permite acometerlo \u00edntegramente y simultanearlo con otros, trabajando paralelamente hasta su ejecuci\u00f3n final en plazo.<\/p>\n<\/div>\n<\/div><figure class=\"wp-block-media-text__media\"><img decoding=\"async\" src=\"https:\/\/alorawater.com\/wp-content\/themes\/astra\/inc\/assets\/images\/starter-content\/about-us.jpg\" alt=\"\" class=\"wp-image-237 size-full\"\/><\/figure><\/div>\n<\/div>\n\n\n\n<div class=\"wp-block-group alignfull has-ast-global-color-5-background-color has-background is-layout-constrained wp-container-core-group-is-layout-9cedb757 wp-block-group-is-layout-constrained\" style=\"padding-bottom:0px\">\n<div class=\"wp-block-columns are-vertically-aligned-top is-layout-flex wp-container-core-columns-is-layout-00723822 wp-block-columns-is-layout-flex\">\n<div class=\"wp-block-column is-vertically-aligned-top is-layout-flow wp-container-core-column-is-layout-6b73ce23 wp-block-column-is-layout-flow\">\n<figure class=\"wp-block-image aligncenter size-full\"><img loading=\"lazy\" decoding=\"async\" width=\"53\" height=\"52\" src=\"https:\/\/alorawater.com\/wp-content\/uploads\/2024\/08\/ico1.jpg\" alt=\"\" class=\"wp-image-31\"\/><\/figure>\n\n\n\n<h3 class=\"wp-block-heading has-text-align-center\" style=\"margin-top:16px\">Soluciones Avanzadas<\/h3>\n\n\n\n<p class=\"has-text-align-left\">AW es una empresa de biotecnolog\u00eda centrada en&nbsp;soluciones para residencias, comunidades e industria. Dedicados a&nbsp;<strong>crear e innovar<\/strong>, dise\u00f1amos sistemas de productos para aguas residuales, reciclaje, control de olores, residuos industriales y agua potable.<\/p>\n<\/div>\n\n\n\n<div class=\"wp-block-column is-vertically-aligned-top is-layout-flow wp-container-core-column-is-layout-6b73ce23 wp-block-column-is-layout-flow\">\n<figure class=\"wp-block-image aligncenter size-full is-resized\"><img loading=\"lazy\" decoding=\"async\" width=\"58\" height=\"57\" src=\"https:\/\/alorawater.com\/wp-content\/uploads\/2024\/08\/ico2.jpg\" alt=\"\" class=\"wp-image-32\" style=\"width:54px;height:auto\"\/><\/figure>\n\n\n\n<h3 class=\"wp-block-heading has-text-align-center\" style=\"margin-top:16px\">Cuidado del Medio Ambiente<\/h3>\n\n\n\n<p class=\"has-text-align-left\">Defender el cuidado del medio ambiente no tiene porqu\u00e9 ser algo negativo en el balance final de una empresa.&nbsp;<strong>La calidad en relaci\u00f3n al medio ambiente, es un principio a implementar en todas las tecnolog\u00edas, equipos, productos y servicios prestados.<\/strong><\/p>\n<\/div>\n\n\n\n<div class=\"wp-block-column is-vertically-aligned-top is-layout-flow wp-container-core-column-is-layout-6b73ce23 wp-block-column-is-layout-flow\">\n<figure class=\"wp-block-image aligncenter size-full is-resized\"><img loading=\"lazy\" decoding=\"async\" width=\"59\" height=\"65\" src=\"https:\/\/alorawater.com\/wp-content\/uploads\/2024\/08\/ico3.jpg\" alt=\"\" class=\"wp-image-33\" style=\"width:48px;height:auto\"\/><\/figure>\n\n\n\n<h3 class=\"wp-block-heading has-text-align-center\" style=\"margin-top:16px\">Rentabilidad<\/h3>\n\n\n\n<p class=\"has-text-align-left\">Nuestra f\u00f3rmula se basa en la creaci\u00f3n de&nbsp;<strong>beneficios econ\u00f3micos<\/strong>&nbsp;para nuestros clientes. Nuestras soluciones ambientales&nbsp;cumplen los desaf\u00edos de conservaci\u00f3n, protecci\u00f3n y limpieza de nuestro entorno, manteniendo beneficios para el cliente.<\/p>\n<\/div>\n<\/div>\n<\/div>\n\n\n\n<div class=\"wp-block-group alignfull has-ast-global-color-5-background-color has-background is-layout-constrained wp-container-core-group-is-layout-9cedb757 wp-block-group-is-layout-constrained\" style=\"padding-bottom:0px\">\n<div class=\"wp-block-columns are-vertically-aligned-top is-layout-flex wp-container-core-columns-is-layout-00723822 wp-block-columns-is-layout-flex\">\n<div class=\"wp-block-column is-vertically-aligned-top is-layout-flow wp-container-core-column-is-layout-6b73ce23 wp-block-column-is-layout-flow\">\n<figure class=\"wp-block-image aligncenter size-full\"><img loading=\"lazy\" decoding=\"async\" width=\"57\" height=\"58\" src=\"https:\/\/alorawater.com\/wp-content\/uploads\/2024\/08\/ico4.jpg\" alt=\"\" class=\"wp-image-46\"\/><\/figure>\n\n\n\n<h3 class=\"wp-block-heading has-text-align-center\" style=\"margin-top:16px\">Experiencia<\/h3>\n\n\n\n<p class=\"has-text-align-left\">M\u00e1s de&nbsp;<strong>30 a\u00f1os de experiencia<\/strong>&nbsp;ofreciendo soluciones \u00fanicas a&nbsp; grandes empresas y PYMES, abordando diferentes tipos de proyectos, tanto industriales\/municipales como hoteles y comunidades en Europa, Am\u00e9rica, \u00c1frica y Oriente Medio.<\/p>\n<\/div>\n\n\n\n<div class=\"wp-block-column is-vertically-aligned-top is-layout-flow wp-container-core-column-is-layout-6b73ce23 wp-block-column-is-layout-flow\">\n<figure class=\"wp-block-image aligncenter size-full\"><img loading=\"lazy\" decoding=\"async\" width=\"53\" height=\"56\" src=\"https:\/\/alorawater.com\/wp-content\/uploads\/2024\/08\/ico5.jpg\" alt=\"\" class=\"wp-image-47\"\/><\/figure>\n\n\n\n<h3 class=\"wp-block-heading has-text-align-center\" style=\"margin-top:16px\">Investigaci\u00f3n<\/h3>\n\n\n\n<p class=\"has-text-align-left\">Nuestro constante impulso por avanzar nos ha llevado a crear alianzas con&nbsp;<strong>centros de investigaci\u00f3n<\/strong>, como&nbsp; el Centro de las Nuevas Tecnologias del Agua (CENTA) en Espa\u00f1a, el Building Research Establishment en el Reino Unido y el Process Research ORTECH Inc. en Canad\u00e1.<\/p>\n<\/div>\n\n\n\n<div class=\"wp-block-column is-vertically-aligned-top is-layout-flow wp-container-core-column-is-layout-6b73ce23 wp-block-column-is-layout-flow\">\n<figure class=\"wp-block-image aligncenter size-full is-resized\"><img loading=\"lazy\" decoding=\"async\" width=\"59\" height=\"50\" src=\"https:\/\/alorawater.com\/wp-content\/uploads\/2024\/08\/ico6.jpg\" alt=\"\" class=\"wp-image-48\" style=\"width:52px;height:auto\"\/><\/figure>\n\n\n\n<h3 class=\"wp-block-heading has-text-align-center\" style=\"margin-top:16px\">Facilidad y Flexibilidad<\/h3>\n\n\n\n<p class=\"has-text-align-left\">Las tecnolog\u00edas patentadas&nbsp;son de f\u00e1cil instalaci\u00f3n, ya sea como soluci\u00f3n total o como mejora personalizada en sistemas convencionales ya existentes y que no cumplan con los requisitos. Con dise\u00f1o modular, son&nbsp;<strong>flexibles y escalables<\/strong>, aumentando su capacidad seg\u00fan la demanda.<\/p>\n<\/div>\n<\/div>\n\n\n\n<div style=\"height:100px\" aria-hidden=\"true\" class=\"wp-block-spacer\"><\/div>\n<\/div>\n\n\n\n<div class=\"wp-block-group alignfull has-background is-layout-constrained wp-container-core-group-is-layout-cfcca693 wp-block-group-is-layout-constrained\" id=\"contact\" style=\"background:linear-gradient(35deg,rgb(6,0,151) 0%,rgb(130,4,255) 64%,rgb(193,15,255) 98%);padding-top:104px;padding-bottom:104px;background-image:url(&apos;https:\/\/alorawater.com\/wp-content\/uploads\/2024\/09\/bk2.jpg&apos;);background-position:50% 0;background-size:cover;\">\n<h2 class=\"wp-block-heading has-text-align-center has-text-color\" style=\"color:#ffffff\">Pasi\u00f3n por el Agua<\/h2>\n\n\n\n<h2 class=\"wp-block-heading alignfull has-text-align-center\" id=\"fancy-title-69\">DESARROLLO SOSTENIBLE<\/h2>\n\n\n\n<p class=\"justificao has-ast-global-color-4-color has-text-color has-link-color wp-elements-659c865481333d15d3b81daee4600922\">La infraestructura del agua es la clave para facilitar el desarrollo sostenible.&nbsp;<strong>AloraWater<sup>\u00ae<\/sup><\/strong>&nbsp;se ha consolidado como una compa\u00f1\u00eda fuerte para proporcionar y mantener el estado de las t\u00e9cnicas del agua y de las infraestructuras de aguas residuales, de los hogares a escala municipal, del suministro de agua potable de alta calidad y de efluentes de aguas residuales tratadas, cumpliendo la normativa legislativa actual y futura.<\/p>\n\n\n\n<div class=\"wp-block-buttons alignwide is-horizontal is-content-justification-center is-layout-flex wp-container-core-buttons-is-layout-bba8380a wp-block-buttons-is-layout-flex\" style=\"margin-top:50px\"><\/div>\n<\/div>\n\n\n\n<div class=\"wp-block-group alignfull has-ast-global-color-4-background-color has-background is-layout-constrained wp-container-core-group-is-layout-6a2cfb7b wp-block-group-is-layout-constrained\" id=\"reviews\">\n<h2 class=\"wp-block-heading has-text-align-center\" style=\"font-size:22px\"><\/h2>\n\n\n\n<h2 class=\"wp-block-heading\" id=\"fancy-title-71\">SIEMPRE A LA VANGUARDIA<\/h2>\n\n\n\n<p class=\"justificao\">Los sistemas y soluciones de&nbsp;<strong>AloraWater<sup>\u00ae<\/sup><\/strong>&nbsp;est\u00e1n exentos de quedar obsoletos porque se basan en la ingenier\u00eda de procesos avanzados y tecnolog\u00edas naturales fuertemente implantados, apoyados por la experiencia del servicio de alta calidad. Nuestra financiaci\u00f3n de proyectos y servicios de operaci\u00f3n de contrato a largo plazo, proporcionan una excelente oportunidad para los desarrolladores, empresas y comunidades de subcontratar el suministro de agua y la infraestructura de tratamiento de aguas residuales.<\/p>\n\n\n\n<h2 class=\"wp-block-heading\" id=\"fancy-title-73\">CONSERVACI\u00d3N Y RENTABILIDAD<\/h2>\n\n\n\n<p class=\"has-text-align-center\" style=\"font-size:22px;line-height:1.6\">El objetivo de&nbsp;<strong>AloraWater<sup>\u00ae<\/sup><\/strong>&nbsp;es lograr el m\u00e1ximo de reciclaje y conservaci\u00f3n del agua, proporcionando beneficios econ\u00f3micos positivos, a la vez que favorecemos la conservaci\u00f3n de los limitados recursos h\u00eddricos de los que disponemos.<\/p>\n<\/div>\n\n\n\n<div class=\"wp-block-group alignfull is-layout-constrained wp-container-core-group-is-layout-45b0ac4f wp-block-group-is-layout-constrained\" id=\"services\" style=\"padding-top:144px;padding-bottom:0px\">\n<h2 class=\"wp-block-heading has-text-align-center\">Nuestros Sistemas<\/h2>\n\n\n\n<h4 class=\"wp-block-heading has-text-align-center\">TENOLOG\u00cdA AVANZADA QUE RESPETA EL MEDIO AMBIENTE<\/h4>\n\n\n\n<div class=\"wp-block-columns is-layout-flex wp-container-core-columns-is-layout-60cbf9bb wp-block-columns-is-layout-flex\" style=\"margin-top:50px\">\n<div class=\"wp-block-column is-layout-flow wp-container-core-column-is-layout-6b73ce23 wp-block-column-is-layout-flow\">\n<figure class=\"wp-block-image size-full\"><img loading=\"lazy\" decoding=\"async\" width=\"1000\" height=\"974\" src=\"https:\/\/alorawater.com\/wp-content\/uploads\/2024\/09\/modustate-1.png\" alt=\"\" class=\"wp-image-60\" srcset=\"https:\/\/alorawater.com\/wp-content\/uploads\/2024\/09\/modustate-1.png 1000w, https:\/\/alorawater.com\/wp-content\/uploads\/2024\/09\/modustate-1-300x292.png 300w, https:\/\/alorawater.com\/wp-content\/uploads\/2024\/09\/modustate-1-768x748.png 768w\" sizes=\"auto, (max-width: 1000px) 100vw, 1000px\" \/><\/figure>\n\n\n\n<p><\/p>\n<\/div>\n\n\n\n<div class=\"wp-block-column is-layout-flow wp-container-core-column-is-layout-6b73ce23 wp-block-column-is-layout-flow\">\n<figure class=\"wp-block-image size-full\"><img loading=\"lazy\" decoding=\"async\" width=\"1000\" height=\"974\" src=\"https:\/\/alorawater.com\/wp-content\/uploads\/2024\/09\/modustate-2.png\" alt=\"\" class=\"wp-image-61\" srcset=\"https:\/\/alorawater.com\/wp-content\/uploads\/2024\/09\/modustate-2.png 1000w, https:\/\/alorawater.com\/wp-content\/uploads\/2024\/09\/modustate-2-300x292.png 300w, https:\/\/alorawater.com\/wp-content\/uploads\/2024\/09\/modustate-2-768x748.png 768w\" sizes=\"auto, (max-width: 1000px) 100vw, 1000px\" \/><\/figure>\n\n\n\n<p><\/p>\n<\/div>\n\n\n\n<div class=\"wp-block-column is-layout-flow wp-container-core-column-is-layout-6b73ce23 wp-block-column-is-layout-flow\">\n<figure class=\"wp-block-image size-full\"><img loading=\"lazy\" decoding=\"async\" width=\"1000\" height=\"974\" src=\"https:\/\/alorawater.com\/wp-content\/uploads\/2024\/09\/modustate-3.png\" alt=\"\" class=\"wp-image-62\" srcset=\"https:\/\/alorawater.com\/wp-content\/uploads\/2024\/09\/modustate-3.png 1000w, https:\/\/alorawater.com\/wp-content\/uploads\/2024\/09\/modustate-3-300x292.png 300w, https:\/\/alorawater.com\/wp-content\/uploads\/2024\/09\/modustate-3-768x748.png 768w\" sizes=\"auto, (max-width: 1000px) 100vw, 1000px\" \/><\/figure>\n\n\n\n<p><\/p>\n<\/div>\n<\/div>\n<\/div>\n\n\n\n<div style=\"height:100px\" aria-hidden=\"true\" class=\"wp-block-spacer\"><\/div>\n\n\n\n<div class=\"wp-block-group alignfull is-layout-constrained wp-container-core-group-is-layout-3fee123f wp-block-group-is-layout-constrained has-background\" id=\"whyus\" style=\"padding-top:144px;padding-bottom:144px;background-image:url(&apos;https:\/\/alorawater.com\/wp-content\/uploads\/2024\/09\/fondocon.jpg&apos;);background-position:50% 0;background-size:cover;\">\n<h2 class=\"wp-block-heading\">Contacta con Nosotros<\/h2>\n<\/div>\n","protected":false},"excerpt":{"rendered":"<p>Un solo objetivo: Ofrecer un servicio de calidad La compa\u00f1\u00eda en una evoluci\u00f3n constante, mantiene el objetivo de crear&nbsp;valor en [&hellip;]<\/p>\n","protected":false},"author":1,"featured_media":0,"parent":0,"menu_order":0,"comment_status":"closed","ping_status":"closed","template":"","meta":{"_uag_custom_page_level_css":"","site-sidebar-layout":"no-sidebar","site-content-layout":"plain-container","ast-site-content-layout":"","site-content-style":"default","site-sidebar-style":"default","ast-global-header-display":"","ast-banner-title-visibility":"","ast-main-header-display":"","ast-hfb-above-header-display":"","ast-hfb-below-header-display":"","ast-hfb-mobile-header-display":"","site-post-title":"disabled","ast-breadcrumbs-content":"","ast-featured-img":"","footer-sml-layout":"","theme-transparent-header-meta":"enabled","adv-header-id-meta":"","stick-header-meta":"","header-above-stick-meta":"","header-main-stick-meta":"","header-below-stick-meta":"","astra-migrate-meta-layouts":"default","ast-page-background-enabled":"default","ast-page-background-meta":{"desktop":{"background-color":"var(--ast-global-color-4)","background-image":"","background-repeat":"repeat","background-position":"center center","background-size":"auto","background-attachment":"scroll","background-type":"","background-media":"","overlay-type":"","overlay-color":"","overlay-opacity":"","overlay-gradient":""},"tablet":{"background-color":"","background-image":"","background-repeat":"repeat","background-position":"center center","background-size":"auto","background-attachment":"scroll","background-type":"","background-media":"","overlay-type":"","overlay-color":"","overlay-opacity":"","overlay-gradient":""},"mobile":{"background-color":"","background-image":"","background-repeat":"repeat","background-position":"center center","background-size":"auto","background-attachment":"scroll","background-type":"","background-media":"","overlay-type":"","overlay-color":"","overlay-opacity":"","overlay-gradient":""}},"ast-content-background-meta":{"desktop":{"background-color":"var(--ast-global-color-5)","background-image":"","background-repeat":"repeat","background-position":"center center","background-size":"auto","background-attachment":"scroll","background-type":"","background-media":"","overlay-type":"","overlay-color":"","overlay-opacity":"","overlay-gradient":""},"tablet":{"background-color":"var(--ast-global-color-5)","background-image":"","background-repeat":"repeat","background-position":"center center","background-size":"auto","background-attachment":"scroll","background-type":"","background-media":"","overlay-type":"","overlay-color":"","overlay-opacity":"","overlay-gradient":""},"mobile":{"background-color":"var(--ast-global-color-5)","background-image":"","background-repeat":"repeat","background-position":"center center","background-size":"auto","background-attachment":"scroll","background-type":"","background-media":"","overlay-type":"","overlay-color":"","overlay-opacity":"","overlay-gradient":""}},"footnotes":""},"class_list":["post-7","page","type-page","status-publish","hentry"],"uagb_featured_image_src":{"full":false,"thumbnail":false,"medium":false,"medium_large":false,"large":false,"1536x1536":false,"2048x2048":false},"uagb_author_info":{"display_name":"admin","author_link":"https:\/\/alorawater.com\/?author=1"},"uagb_comment_info":0,"uagb_excerpt":"Un solo objetivo: Ofrecer un servicio de calidad La compa\u00f1\u00eda en una evoluci\u00f3n constante, mantiene el objetivo de crear&nbsp;valor en [&hellip;]","_links":{"self":[{"href":"https:\/\/alorawater.com\/index.php?rest_route=\/wp\/v2\/pages\/7","targetHints":{"allow":["GET"]}}],"collection":[{"href":"https:\/\/alorawater.com\/index.php?rest_route=\/wp\/v2\/pages"}],"about":[{"href":"https:\/\/alorawater.com\/index.php?rest_route=\/wp\/v2\/types\/page"}],"author":[{"embeddable":true,"href":"https:\/\/alorawater.com\/index.php?rest_route=\/wp\/v2\/users\/1"}],"replies":[{"embeddable":true,"href":"https:\/\/alorawater.com\/index.php?rest_route=%2Fwp%2Fv2%2Fcomments&post=7"}],"version-history":[{"count":29,"href":"https:\/\/alorawater.com\/index.php?rest_route=\/wp\/v2\/pages\/7\/revisions"}],"predecessor-version":[{"id":72,"href":"https:\/\/alorawater.com\/index.php?rest_route=\/wp\/v2\/pages\/7\/revisions\/72"}],"wp:attachment":[{"href":"https:\/\/alorawater.com\/index.php?rest_route=%2Fwp%2Fv2%2Fmedia&parent=7"}],"curies":[{"name":"wp","href":"https:\/\/api.w.org\/{rel}","templated":true}]}}